 1039 is divided by 8.
7
What is the remainder when 298 is divided by 13?
12
Calculate the remainder when 514 is divided by 38.
20
What is the remainder when 115 is divided by 42?
31
What is the remainder when 16370 is divided by 9?
8
What is the remainder when 497 is divided by 177?
143
Calculate the remainder when 387 is divided by 127.
6
Calculate the remainder when 672 is divided by 13.
9
What is the remainder when 1374 is divided by 106?
102
What is the remainder when 5397 is divided by 73?
68
What is the remainder when 410 is divided by 18?
14
What is the remainder when 2771 is divided by 73?
70
Calculate the remainder when 1377 is divided by 79.
34
Calculate the remainder when 34 is divided by 14.
6
What is the remainder when 54 is divided by 33?
21
What is the remainder when 3302 is divided by 9?
8
Calculate the remainder when 3021 is divided by 126.
123
What is the remainder when 422 is divided by 41?
12
What is the remainder when 77 is divided by 46?
31
Calculate the remainder when 49 is divided by 18.
13
Calculate the remainder when 644 is divided by 211.
11
Calculate the remainder when 450 is divided by 13.
8
Calculate the remainder when 15383 is divided by 17.
15
What is the remainder when 9839 is divided by 4?
3
What is the remainder when 534 is divided by 5?
4
Calculate the remainder when 103 is divided by 14.
5
Calculate the remainder when 508 is divided by 85.
83
What is the remainder when 306 is divided by 181?
125
What is the remainder when 181 is divided by 101?
80
What is the remainder when 3584 is divided by 133?
126
Calculate the remainder when 191 is divided by 69.
53
What is the remainder when 83 is divided by 24?
11
What is the remainder when 469 is divided by 37?
25
Calculate the remainder when 287 is divided by 39.
14
What is the remainder when 680 is divided by 87?
71
What is the remainder when 486 is divided by 5?
1
Calculate the remainder when 1679 is divided by 45.
14
Calculate the remainder when 306 is divided by 35.
26
What is the remainder when 207 is divided by 21?
18
What is the remainder when 1445 is divided by 493?
459
Calculate the remainder when 2615 is divided by 38.
31
What is the remainder when 337 is divided by 103?
28
What is the remainder when 688 is divided by 286?
116
What is the remainder when 299 is divided by 60?
59
Calculate the remainder when 55 is divided by 35.
20
What is the remainder when 147 is divided by 27?
12
Calculate the remainder when 16125 is divided by 127.
123
What is the remainder when 1140 is divided by 569?
2
What is the remainder when 1523 is divided by 15?
8
Calculate the remainder when 72 is divided by 55.
17
Calculate the remainder when 745 is divided by 186.
1
Calculate the remainder when 379 is divided by 64.
59
What is the remainder when 434 is divided by 88?
82
Calculate the remainder when 2458 is divided by 146.
122
Calculate the remainder when 232 is divided by 187.
45
Calculate the remainder when 543 is divided by 13.
10
Calculate the remainder when 271 is divided by 1.
0
What is the remainder when 444 is divided by 19?
7
What is the remainder when 389 is divided by 11?
4
Calculate the remainder when 246 is divided by 83.
80
What is the remainder when 3322 is divided by 159?
142
What is the remainder when 269 is divided by 9?
8
Calculate the remainder when 426 is divided by 86.
82
What is the remainder when 149 is divided by 53?
43
Calculate the remainder when 44 is divided by 5.
4
What is the remainder when 363 is divided by 25?
13
Calculate the remainder when 4825 is divided by 15.
10
What is the remainder when 14507 is divided by 25?
7
Calculate the remainder when 2473 is divided by 177.
172
Calculate the remainder when 53 is divided by 15.
8
What is the remainder when 429 is divided by 12?
9
What is the remainder when 113 is divided by 24?
17
Calculate the remainder when 196 is divided by 15.
1
Calculate the remainder when 107 is divided by 60.
47
What is the remainder when 165 is divided by 7?
4
What is the remainder when 473 is divided by 7?
4
What is the remainder when 194 is divided by 20?
14
What is the remainder when 1228 is divided by 241?
23
Calculate the remainder when 387 is divided by 78.
75
Calculate the remainder when 57 is divided by 10.
7
What is the remainder when 2672 is divided by 14?
12
Calculate the remainder when 119 is divided by 3.
2
Calculate the remainder when 256 is divided by 86.
84
Calculate the remainder when 175 is divided by 22.
21
What is the remainder when 224 is divided by 81?
62
What is the remainder when 377 is divided by 126?
125
What is the remainder when 222 is divided by 11?
2
Calculate the remainder when 131 is divided by 106.
25
Calculate the remainder when 130 is divided by 27.
22
What is the remainder when 9 is divided by 6?
3
Calculate the remainder when 6730 is divided by 132.
130
What is the remainder when 90 is divided by 49?
41
What is the remainder when 38 is divided by 2?
0
What is the remainder when 167 is divided by 5?
2
Calculate the remainder when 86 is divided by 29.
28
Calculate the remainder when 700 is divided by 19.
16
Calculate the remainder when 144 is divided by 49.
46
What is the remainder when 523 is divided by 120?
43
What is the remainder when 20 is divided by 12?
8
Calculate the remainder when 5541 is divided by 99.
96
What is the remainder when 1577 is divided by 5?
2
Calculate the remainder when 7347 is divided by 75.
72
Calculate the remainder when 372 is divided by 192.
180
Calculate the remainder when 3038 is divided by 104.
22
Calculate the remainder when 55294 is divided by 256.
254
What is the remainder when 1301 is divided by 11?
3
What is the remainder when 379 is divided by 28?
15
Calculate the remainder when 370 is divided by 68.
30
What is the remainder when 606 is divided by 54?
12
Calculate the remainder when 286 is divided by 29.
25
Calculate the remainder when 14629 is divided by 236.
233
Calculate the remainder when 14281 is divided by 74.
73
What is the remainder when 32962 is divided by 10984?
10
What is the remainder when 235 is divided by 30?
25
Calculate the remainder when 1475 is divided by 150.
125
Calculate the remainder when 33 is divided by 20.
13
What is the remainder when 536 is divided by 30?
26
What is the remainder when 6938 is divided by 13?
9
What is the remainder when 552 is divided by 14?
6
What is the remainder when 430 is divided by 153?
124
Calculate the remainder when 5793 is divided by 20.
13
What is the remainder when 1249 is divided by 19?
14
Calculate the remainder when 328 is divided by 33.
31
Calculate the remainder when 455 is divided by 175.
105
What is the remainder when 18686 is divided by 14?
10
Calculate the remainder when 1606 is divided by 17.
8
Calculate the remainder when 1449 is divided by 16.
9
What is the remainder when 560 is divided by 34?
16
Calculate the remainder when 4595 is divided by 22.
19
What is the remainder when 70 is divided by 12?
10
Calculate the remainder when 372 is divided by 296.
76
What is the remainder when 1705 is divided by 190?
185
Calculate the remainder when 972 is divided by 13.
10
Calculate the remainder when 426 is divided by 7.
6
What is the remainder when 294 is divided by 83?
45
Calculate the remainder when 61 is divided by 22.
17
What is the remainder when 1149 is divided by 32?
29
Calculate the remainder when 240 is divided by 116.
8
Calculate the remainder when 42 is divided by 22.
20
What is the remainder when 779 is divided by 52?
51
What is the remainder when 375 is divided by 121?
12
Calculate the remainder when 933 is divided by 26.
23
Calculate the remainder when 3234 is divided by 162.
156
Calculate the remainder when 171 is divided by 5.
1
What is the remainder when 1301 is divided by 158?
37
What is the remainder when 221 is divided by 35?
11
Calculate the remainder when 409 is divided by 177.
55
Calculate the remainder when 1037 is divided by 114.
11
Calculate the remainder when 158 is divided by 37.
10
What is the remainder when 184 is divided by 48?
40
Calculate the remainder when 331 is divided by 16.
11
What is the remainder when 3103 is divided by 61?
53
What is the remainder when 8910 is divided by 16?
14
Calculate the remainder when 5959 is divided by 19.
12
What is the remain